69 + 13840 = 0, 3*f + q + l = 0. Let z = -8350 - f. Is z prime?
False
Let t be 1*(48/36)/(2/39). Suppose 1488 = c - 24*s + t*s, 4*c - 5907 = s. Is c prime?
False
Let m be 572/33*(-18)/(-4). Suppose 0 = -m*t + 80*t - 12566. Is t a composite number?
True
Let a = 4317708 + -2699941. Is a prime?
True
Let s = 46468 + -22517. Is s prime?
False
Is 116594 + (-2)/9 + (-7 - 418/(-99)) a prime number?
False
Is (((-13818)/70)/(-7))/(2/47990) + 2 a composite number?
False
Let m = 1265315 + -901564. Is m a prime number?
True
Let v be 0 + 4 + (2 - -1 - -2). Let s(r) = 46*r**2 - 17*r + 29. Is s(v) a composite number?
True
Let q(s) = -38*s + 195 + 39*s - 29*s. Is q(-14) prime?
True
Let b(h) = 3084*h**2 + 33*h + 95. Is b(-4) a composite number?
False
Let p = 153139 - 65022. Is p a prime number?
True
Let i(z) = z**3 - z**2 - 1. Let o be i(2). Let t be (1 - (-4)/6)*o. Suppose 2 = -t*m + 157. Is m a composite number?
False
Let k = -4 + 4. Suppose -2*t = -k - 8. Suppose -t*p = -5*g - 63, 4*p + p = 3*g + 95. Is p composite?
True
Let h be (3/(-1) - -6) + (-1 - 1). Suppose 7 + h = 4*k. Suppose -d + 6*d = k*q - 123, -d - 273 = -4*q. Is q prime?
False
Let p = 4974 + 1599. Suppose -2*g = -p - 4611. Suppose g = 6*y - 1302. Is y a prime number?
False
Let v(y) = 7*y**2 - 9*y**3 + 2*y - 35*y + 13 - 6. Is v(-10) composite?
False
Let x(u) = -15*u - 31. Let l(p) be the third derivative of -p**4/12 - 4*p**3/3 + 13*p**2. Let j be l(6). Is x(j) prime?
True
Let w(v) be the third derivative of -v**6/40 - 41*v**4/24 - v**3/2 + 2*v**2 + 2*v. Is w(-10) a prime number?
True
Let h(d) = 6639*d + 9778. Is h(7) a prime number?
False
Suppose -11*w - 78705 = -27522. Let q = 13364 - w. Is q prime?
False
Let d(s) = -26596*s**3 + 2*s**2 + 2*s + 10. Is d(-2) composite?
True
Let x(v) = -149*v + 7. Let u be x(-11). Suppose r = -5*i + 3673 + 442, 2*i - u = -5*r. Suppose -2*b + i - 153 = 0. Is b composite?
True
Is 6/(-22) - (-157011127)/1001 a prime number?
False
Suppose -87*k - 67915 + 477772 = 0. Is k a composite number?
True
Let j(r) = -6*r + 173. Let z be j(28). Suppose 0 = -z*i - 2*a + 11673, -4*a = -3*i + 8*i - 11681. Is i composite?
False
Let z(p) = -358*p**3 + 4*p + 7. Is z(-3) a prime number?
True
Let z(d) = 2*d**2 + 206*d + 619. Is z(81) prime?
True
Is (50 + -20)/15*238747 a prime number?
False
Suppose 5*z = 2*b - 210, 5*z + 3*b + 210 = -b. Let a = -57 - z. Is 41/((5 + -8)/a) a prime number?
False
Let y(l) = 8*l**2 - 24*l - 243. Is y(-44) a composite number?
False
Let b = -150 + 285. Suppose 15*p = -b + 15030. Is p prime?
False
Suppose -15 = -34*l + 29*l, p - 4*l = 281227. Is p a prime number?
False
Suppose -3*i - 2*p = -163625, 10*i - 6*i + 3*p - 218168 = 0. Is i composite?
False
Let y(w) = 9885*w - 140. Is y(3) composite?
True
Suppose -117*t + 130*t = 2756. Suppose t*r - 142904 = 204*r. Is r a prime number?
True
Suppose -n = 3*m + 2245 - 9653, -4*m = -20. Is n composite?
False
Let o = 64236 + -7843. Is o a prime number?
True
Let z = -1142 - 1501. Let f = 4324 + z. Is f a composite number?
True
Suppose -2*s = 2*s - 4, -2*u - 2*s + 10482 = 0. Let c = u - 1597. Is c prime?
True
Is (-2 - -3)/((-25134135)/2513415 - -10) composite?
True
Let u(y) = 153*y**2 + 2*y + 11. Let p be u(5). Suppose 1008 = 6*x - p. Is x prime?
True
Is ((-583850)/(-20))/((-10)/(-4)) composite?
False
Let l(p) = 690*p**3 + 7*p**2 - 45*p + 1. Is l(8) a composite number?
True
Let y = 178616 + -97459. Is y a prime number?
True
Let y(c) = 79*c**2 + 5*c + 5. Suppose -m - 3*m = 2*i + 2, i - 1 = -4*m. Let s be (m/(-1))/((-18)/(-36)). Is y(s) a composite number?
False
Let q be (-2320)/(-120) + (2/6)/(-1). Suppose 7599 = 36*m - q*m. Is m a prime number?
False
Let i(r) = 3677*r - 15. Let y(u) = 1839*u - 8. Let g(f) = 3*i(f) - 5*y(f). Let o be g(3). Suppose 0 = 6*q - 2663 - o. Is q a composite number?
False
Suppose 128*l + 23*l - 229*l = -95685798. Is l a prime number?
True
Suppose 2*v = v + 2. Suppose -v*p - z = 2*z + 3, -1 = z. Suppose p = 6*b - 3739 - 275. Is b a composite number?
True
Suppose 0*z - 5*k = -3*z - 12446, 4*z + 16586 = -2*k. Let x = -698 - z. Is x a composite number?
False
Let o(n) = -81*n**3 - 20*n**2 + 2*n + 55. Is o(-8) a prime number?
True
Is 0 + 1075459/4 - (-1917)/7668 composite?
True
Let l(d) = 7 + 28 + 1 + 12*d + d**2. Let o be l(-10). Suppose -3*s = -o*s + 2405. Is s prime?
False
Let g be -2 - -28*1 - 2. Let y = -735 + 719. Is g/y*98/(-3) prime?
False
Let f = 62 + -59. Let o be f + (56030/(-22) - (-8)/(-44)). Let i = -1593 - o. Is i a composite number?
True
Let x(z) = -6*z + 3. Let p be 132/(-9)*6/(-4). Suppose -2*v - 3*l = p, 3*l + 20 = -2*v - l. Is x(v) composite?
True
Let r(n) = 12*n - n + 2*n**2 + 5 + 0*n + 0*n. Let x be r(-5). Suppose -b - 51 + 866 = x. Is b a prime number?
False
Let h = 77 + -30. Suppose -h*g + 80098 = -18*g. Is g a composite number?
True
Suppose -3*g = -450*m + 454*m - 13995, 2*m - 18680 = -4*g. Is g prime?
True
Suppose 7*k + 12 = 40. Suppose t - 5*t = k*i - 20, -2*t = i - 9. Suppose -2279 - 253 = -t*w. Is w a composite number?
True
Suppose 329*u - 201530 = 319*u. Is u a composite number?
True
Suppose 2*h - 3*h + 2260 = 3*m, -3*m - 2*h + 2261 = 0. Let v = 1316 - m. Is v a composite number?
False
Let g = 57671 - 35760. Is g a composite number?
False
Suppose -12*j + 191600 = -124132. Is j composite?
True
Let o = -1925137 + 2715396. Is o a prime number?
False
Suppose 0 = -239*w + 240*w. Suppose w*b + 2*v - 24664 = -5*b, -4937 = -b + v. Is b a composite number?
True
Let g(w) = 2*w**2 + 7*w + 43. Suppose z = -2*r + 7*r - 5, 0 = -2*z + 5*r + 10. Suppose -3*h = -5*l - 51, l - 18 = 5*h - z. Is g(l) prime?
False
Let d = -8 - -10. Suppose -3*l - 4*b - 13 = 0, -2*l = d*l - 3*b - 16. Is 940 + (11/22)/(l/(-6)) a prime number?
True
Suppose 2*y + 4*b - 14178 = 0, 4*b - 21299 = -3*y + 6*b. Is y prime?
False
Let z be (-2)/((-9 - -3)/(-3)). Let s be (108/42)/(z/(-7)). Suppose -24*u + 14718 = -s*u. Is u composite?
True
Suppose 14*a - 3 - 25 = 0. Let o(p) = -p**3 + 5*p - 1. Let u be o(a). Is 1*-5 + u + 1779 + 6 composite?
True
Let g = 217 + -218. Is g/((-40)/88136) - 4/10 a prime number?
True
Is ((-102)/24 - -4)/((-2)/190408) composite?
False
Let t = -617933 - -1148592. Is t a composite number?
False
Suppose 5*z - 145 = -3*n, -4*z - 47 = -5*n + 133. Suppose 33*u = n*u - 1757. Is u a composite number?
False
Is (0 + (-18254)/(-6))*39 a composite number?
True
Suppose 3*h + 3*d = 591, 5*h = 3*d - 2*d + 955. Let a(k) = -41*k - 2. Let c be a(-3). Let y = h - c. Is y composite?
False
Is 1345500/28 + 64/(-112) a prime number?
False
Suppose -686*t - 90 = -691*t. Let g(h) = -7*h**3 - 9*h**2 - 6*h + 4. Let a be g(-6). Suppose -14*m - a = -t*m. Is m composite?
False
Suppose -3*v = -5*r - 22 - 1, 4*r + 16 = 0. Suppose -78 = -7*q - v. Suppose -7*m - 20 = -q*m, -4760 = -5*c + 3*m. Is c prime?
False
Suppose 0 = -12266*k + 12245*k + 10272318 + 9100833. Is k a prime number?
True
Suppose -24*v + 123 = 51. Suppose -v*g = -23*g + 2980. Is g a composite number?
False
Let b = -26801 - -43404. Is b a composite number?
False
Let v = -120 + 126. Suppose -16 = -4*n + v*n. Is -807*118/(-24) - (-6)/n composite?
False
Let n(y) = 42*y**3 - 5*y**2 + y - 24. Let c be n(6). Is c/36*(1 + 1 + 0) a composite number?
True
Let j(v) = 40*v**2 + 3*v - 2. Let r(n) = n**2 - 8*n + 7. Suppose -u = 3*f - 15, 5 = 2*f - u - 10. Let c be r(f). Is j(c) a composite number?
False
Let a be 74/(-111) - (-215020)/6. Let g = -17879 + a. Is g composite?
False
Is (-3835)/325 + (-2)/10 + 1582475 a prime number?
True
Suppose 20*o - 38*o = -19*o + 547559. Is o composite?
False
Let t(r) = 17086*r + 1243. Is t(7) composite?
True
Let u(t) = 158*t**2 + 177*t + 12176. Is u(-57) a composite number?
False
Let j = -430 - -241. Is (-34247)/(-9) - (-42)/j prime?
False
Let l be (0*(-3)/12)/3. Suppose 4*u + 11 - 39 = l. Is 1975/8 + 2*u/112 a composite number?
True
Suppose -7*s = 2032690 - 14093235. Is s composite?
True
Let b = 125311 + 52036. Is b composite?
False
Let l(u) = 61*u + 19. Let s = 9 + -7. Suppose 5*h = -8 - 2, -s*b + 10 = -h. Is l(b) a prime number?
True
Suppose 11*b - 10*b + 47367 = 0. Let s = -94461 - b. Is 18/42 + s/(-21) a prime number?
True
Let d(y) = 178*y**2 - 28*y + 114. Let l(k) = 89*k**2 - 14*k + 58. Let t(b) = 3*d(b) - 5*l(b). Is t(5) composite?
F